{"id":2,"date":"2023-01-19T11:43:36","date_gmt":"2023-01-19T11:43:36","guid":{"rendered":"https:\/\/www.ieselescorial.org\/emprende\/?page_id=2"},"modified":"2023-01-21T18:10:05","modified_gmt":"2023-01-21T18:10:05","slug":"pagina-ejemplo","status":"publish","type":"page","link":"https:\/\/www.ieselescorial.org\/emprende\/pagina-ejemplo\/","title":{"rendered":"Aviso legal"},"content":{"rendered":"\n<p>La informaci\u00f3n suministrada a trav\u00e9s de estas p\u00e1ginas ser\u00e1 clara, comprensible, concreta, \u00edntegra y adecuada a la informaci\u00f3n solicitada, de acuerdo con lo establecido en el Decreto 21\/2002, de 24 de enero, por el que se regula la atenci\u00f3n al ciudadano en la Comunidad de Madrid. La Comunidad de Madrid desarrollar\u00e1 los esfuerzos precisos para evitar errores y, en&nbsp;su caso, repararlos o actualizarlos lo antes posible, no pudiendo garantizar su inexistencia ni que el contenido de la informaci\u00f3n se encuentre&nbsp;permanentemente actualizado.<\/p>\n\n\n\n<p>La Comunidad de Madrid podr\u00e1 efectuar, en cualquier momento&nbsp;y sin necesidad de previo aviso, modificaciones&nbsp;y actualizaciones sobre la informaci\u00f3n contenida en&nbsp;las p\u00e1ginas de EducaMadrid o en&nbsp;su configuraci\u00f3n o presentaci\u00f3n.<\/p>\n\n\n\n<p>El acceso a la web del IES EL ESCORIAL as\u00ed como el uso que pueda hacerse de la informaci\u00f3n que contiene, son de la exclusiva responsabilidad del usuario. La Comunidad de Madrid no se responsabilizar\u00e1 de ninguna consecuencia, da\u00f1o o perjuicio que pudieran derivarse de este acceso o uso de informaci\u00f3n, con excepci\u00f3n de todas aquellas actuaciones que resulten de la aplicaci\u00f3n de las disposiciones legales a las que deba\u00a0someterse el estricto ejercicio de\u00a0sus competencias.<\/p>\n\n\n\n<p>La informaci\u00f3n proporcionada a trav\u00e9s de la web tiene car\u00e1cter meramente orientativo y en ning\u00fan caso podr\u00e1 ser vinculante para la resoluci\u00f3n de los procedimientos administrativos, que se hallar\u00e1 sujeta exclusivamente a la normativa que les sea de aplicaci\u00f3n.<\/p>\n\n\n\n<p>En la web se han incluido enlaces a p\u00e1ginas web de terceros, la mayor parte p\u00e1ginas de contenido educativo, que se han considerado de inter\u00e9s para los usuarios. No obstante, la Comunidad de Madrid no asume ninguna responsabilidad derivada de la conexi\u00f3n o contenidos de los enlaces de terceros a los que se hacen referencia estas p\u00e1ginas.<\/p>\n\n\n\n<p>Los contenidos de estas p\u00e1ginas son titularidad de la Comunidad de Madrid o han sido usadas con autorizaci\u00f3n de sus titulares, como algunas im\u00e1genes utilizadas en el dise\u00f1o gr\u00e1fico de las p\u00e1ginas.<\/p>\n\n\n\n<h2 class=\"wp-block-heading\">Licencia de los contenidos<\/h2>\n\n\n\n<figure class=\"wp-block-image\"><img decoding=\"async\" src=\"https:\/\/www.educa2.madrid.org\/educamadrid\/images\/cc\/by-nc-sa.png\" alt=\"Icono licencia Creative Commons Reconocimiento - NoComercial - CompartirIgual (by-nc-sa)\"\/><\/figure>\n\n\n\n<p>Los contenidos de EducaMadrid se encuentran bajo licencia&nbsp;<strong>Creative Commons Reconocimiento &#8211; NoComercial &#8211; CompartirIgual (by-nc-sa)<\/strong>. No se permite un uso comercial de la obra original ni de las posibles obras derivadas, la distribuci\u00f3n de las cuales se debe hacer con una licencia igual a la que regula la obra original.<\/p>\n\n\n\n<ul class=\"wp-block-list\">\n<li><a href=\"https:\/\/creativecommons.org\/licenses\/?lang=es_ES\">M\u00e1s informaci\u00f3n sobre las licencias Creative Commons<\/a><\/li>\n\n\n\n<li><a href=\"https:\/\/creativecommons.org\/licenses\/by-nc-sa\/4.0\">Resumen de las condiciones de la licencia<\/a><\/li>\n\n\n\n<li><a href=\"https:\/\/creativecommons.org\/licenses\/by-nc-sa\/4.0\/legalcode\">Texto completo de la licencia (en ingl\u00e9s)<\/a><\/li>\n<\/ul>\n","protected":false},"excerpt":{"rendered":"<p>La informaci\u00f3n suministrada a trav\u00e9s de estas p\u00e1ginas ser\u00e1 clara, comprensible, concreta, \u00edntegra y adecuada a la informaci\u00f3n solicitada, de acuerdo con lo establecido en el Decreto 21\/2002, de 24 de enero, por el que se regula la atenci\u00f3n al ciudadano en la Comunidad de Madrid. La Comunidad de Madrid desarrollar\u00e1 los esfuerzos precisos para [&hellip;]<\/p>\n","protected":false},"author":1,"featured_media":0,"parent":0,"menu_order":0,"comment_status":"closed","ping_status":"open","template":"","meta":{"footnotes":""},"class_list":["post-2","page","type-page","status-publish","hentry"],"_links":{"self":[{"href":"https:\/\/www.ieselescorial.org\/emprende\/wp-json\/wp\/v2\/pages\/2","targetHints":{"allow":["GET"]}}],"collection":[{"href":"https:\/\/www.ieselescorial.org\/emprende\/wp-json\/wp\/v2\/pages"}],"about":[{"href":"https:\/\/www.ieselescorial.org\/emprende\/wp-json\/wp\/v2\/types\/page"}],"author":[{"embeddable":true,"href":"https:\/\/www.ieselescorial.org\/emprende\/wp-json\/wp\/v2\/users\/1"}],"replies":[{"embeddable":true,"href":"https:\/\/www.ieselescorial.org\/emprende\/wp-json\/wp\/v2\/comments?post=2"}],"version-history":[{"count":3,"href":"https:\/\/www.ieselescorial.org\/emprende\/wp-json\/wp\/v2\/pages\/2\/revisions"}],"predecessor-version":[{"id":59,"href":"https:\/\/www.ieselescorial.org\/emprende\/wp-json\/wp\/v2\/pages\/2\/revisions\/59"}],"wp:attachment":[{"href":"https:\/\/www.ieselescorial.org\/emprende\/wp-json\/wp\/v2\/media?parent=2"}],"curies":[{"name":"wp","href":"https:\/\/api.w.org\/{rel}","templated":true}]}}